ime factors of 5068205795?
5, 37, 2521, 10867
What are the prime factors of 5691097194?
2, 3, 251, 3778949
List the prime factors of 41953572.
2, 3, 388459
What are the prime factors of 189990293?
881, 215653
List the prime factors of 141086258.
2, 79, 892951
What are the prime factors of 186919115?
5, 37383823
What are the prime factors of 2444226886?
2, 1222113443
List the prime factors of 180806479.
7, 53, 487349
List the prime factors of 179832941.
61, 1297, 2273
What are the prime factors of 3806934086?
2, 73, 683, 38177
What are the prime factors of 30889020?
2, 3, 5, 31, 16607
What are the prime factors of 2757925437?
3, 53, 97, 178819
What are the prime factors of 2156460701?
2156460701
List the prime factors of 684103267.
97, 7052611
List the prime factors of 399558898.
2, 23, 313, 27751
What are the prime factors of 3433608428?
2, 6043, 142049
List the prime factors of 40188690.
2, 3, 5, 73, 2039
What are the prime factors of 247861938?
2, 3, 17, 23, 105653
What are the prime factors of 507327040?
2, 5, 11, 101, 1427
What are the prime factors of 18098127?
3, 19, 35279
List the prime factors of 1146411700.
2, 5, 7, 37, 44263
List the prime factors of 669484737.
3, 3727, 6653
What are the prime factors of 1549635563?
7, 67, 71, 173, 269
List the prime factors of 7918436.
2, 1979609
What are the prime factors of 2078945074?
2, 1039472537
List the prime factors of 65963795.
5, 47, 280697
What are the prime factors of 16458925?
5, 7, 163, 577
List the prime factors of 450273395.
5, 11, 13, 47, 13399
List the prime factors of 95754745.
5, 47, 277, 1471
List the prime factors of 5374049065.
5, 7, 11, 61, 228829
What are the prime factors of 3634668756?
2, 3, 100963021
What are the prime factors of 7440698520?
2, 3, 5, 37, 558611
What are the prime factors of 168045539?
47, 3575437
List the prime factors of 105384445.
5, 17, 1239817
List the prime factors of 3302068620.
2, 3, 5, 313, 175829
List the prime factors of 817158144.
2, 3, 11, 107, 113
List the prime factors of 683032482.
2, 3, 11, 19, 47, 3863
What are the prime factors of 294972494?
2, 147486247
What are the prime factors of 2506875205?
5, 501375041
What are the prime factors of 21493167?
3, 61, 257, 457
What are the prime factors of 30717930?
2, 3, 5, 151, 6781
What are the prime factors of 5195676?
2, 3, 17, 25469
List the prime factors of 4725984304.
2, 19, 29, 536069
What are the prime factors of 2474237506?
2, 13, 67, 769, 1847
What are the prime factors of 1606604601?
3, 7, 17, 642899
List the prime factors of 645959769.
3, 7, 13, 773, 3061
What are the prime factors of 1607135928?
2, 3, 59, 19237
What are the prime factors of 180345111?
3, 769, 78173
What are the prime factors of 2058500728?
2, 71, 859, 4219
What are the prime factors of 4795940978?
2, 14449, 165961
What are the prime factors of 65127620?
2, 5, 29, 112289
What are the prime factors of 5067220803?
3, 101, 16723501
List the prime factors of 1375110728.
2, 359, 521, 919
List the prime factors of 917072415.
3, 5, 7, 970447
List the prime factors of 286375702.
2, 2621, 54631
List the prime factors of 142085857.
19, 7478203
What are the prime factors of 127258749?
3, 61, 77267
List the prime factors of 182245689.
3, 311, 65111
What are the prime factors of 188448156?
2, 3, 13, 19, 21193
List the prime factors of 444228879.
3, 148076293
List the prime factors of 811811264.
2, 11, 104831
What are the prime factors of 28987631?
1051, 27581
What are the prime factors of 1642670383?
7411, 221653
What are the prime factors of 114000015?
3, 5, 29, 262069
List the prime factors of 671336.
2, 31, 2707
List the prime factors of 5189247980.
2, 5, 7, 83, 131, 487
What are the prime factors of 1311494413?
1311494413
What are the prime factors of 44373059?
31, 1431389
What are the prime factors of 39932813?
17, 19, 123631
List the prime factors of 58538886.
2, 3, 7, 19, 109, 673
List the prime factors of 53533020.
2, 3, 5, 277, 3221
List the prime factors of 34826348.
2, 8706587
List the prime factors of 13189195.
5, 17, 155167
List the prime factors of 131670264.
2, 3, 11, 45341
List the prime factors of 87650797.
13, 6742369
What are the prime factors of 591649707?
3, 11, 137, 11897
What are the prime factors of 1635697762?
2, 23, 35558647
What are the prime factors of 102609454?
2, 971, 52837
What are the prime factors of 212538452?
2, 7, 7590659
List the prime factors of 28684445.
5, 751, 7639
What are the prime factors of 499433876?
2, 3371, 37039
What are the prime factors of 2041360146?
2, 3, 7, 16201271
What are the prime factors of 345365890?
2, 5, 661, 52249
What are the prime factors of 801081497?
17, 47122441
What are the prime factors of 2366094749?
67, 431, 81937
What are the prime factors of 566152590?
2, 3, 5, 23, 61, 13451
List the prime factors of 328810409.
19, 17305811
What are the prime factors of 219389142?
2, 3, 7, 199, 26249
What are the prime factors of 128717869?
7, 61, 301447
List the prime factors of 4367360388.
2, 3, 233, 277, 5639
List the prime factors of 564638632.
2, 70579829
List the prime factors of 12023539.
11, 17, 113, 569
List the prime factors of 824464789.
97, 293, 29009
What are the prime factors of 3657287603?
71, 3677, 14009
List the prime factors of 4399051943.
11, 13, 30762601
List the prime factors of 2588818495.
5, 19, 27250721
What are the prime factors of 18176319?
3, 7, 32057
What are the prime factors of 2648014?
2, 1324007
What are the prime factors of 1389384881?
1607, 864583
List the prime factors of 2088557565.
3, 5, 47, 2962493
List the prime factors of 1466575274.
2, 19507, 37591
List the prime factors of 2843206473.
3, 263, 311, 11587
List the prime factors of 248662087.
2671, 93097
List the prime factors of 502138611.
3, 13, 1801, 2383
List the prime factors of 88732871.
1373, 64627
What are the prime factors of 35995131?
3, 1333153
List the prime factors of 4145568072.
2, 3, 47, 3675149
List the prime factors of 500901659.
23, 29, 750977
List the prime factors of 146691856.
2, 19, 482539
List the prime factors of 285501914.
2, 10247, 13931
List the prime factors of 63824300.
2, 5, 61, 10463
List the prime factors of 127854291.
3, 67, 137, 4643
List the prime factors of 133420897.
787, 169531
What are the prime factors of 1345293078?
2, 3, 787, 284899
What are the prime factors of 375931077?
3, 125310359
List the prime factors of 679571937.
3, 11, 69337
List the prime factors of 4151858295.
3, 5, 13, 137, 155413
What are the prime factors of 1910518430?
2, 5, 137, 1394539
List the prime factors of 106049243.
106049243
List the prime factors of 73279026.
2, 3, 1061, 1279
List the prime factors of 117194718.
2, 3, 163, 119831
List the prime factors of 845579202.
2, 3, 13, 10840759
List the prime factors of 1093830733.
173, 487, 12983
What are the prime factors of 9597060?
2, 3, 5, 11, 37, 131
List the prime factors of 163152491.
61, 2674631
What are the prime factors of 169697596?
2, 31, 1368529
What are the prime factors of 60477009?
3, 41, 337, 1459
What are the prime factors of 170716507?
13, 89, 147551
List the prime factors of 1591263920.
2, 5, 17, 317, 3691
What are the prime factors of 1037942794?
2, 7, 367, 28859
List the prime factors of 275059942.
2, 1697, 81043
What are the prime factors of 52940643?
3, 7, 2520983
What are the prime factors of 144719187?
3, 3907, 12347
What are the prime factors of 651569896?
2, 131, 251, 2477
What are the prime factors of 56501454?
2, 3, 29, 173, 1877
What are the prime factors of 359536339?
41, 941, 9319
What are the prime factors of 70135498?
2, 19, 37, 83, 601
What are the prime factors of 324331193?
324331193
What are the prime factors of 70622020?
2, 5, 7, 67, 7529
What are the prime factors of 217595223?
3, 17, 1422191
What are the prime factors of 14588468?
2, 379, 9623
List the prime factors of 1105493230.
2, 5, 110549323
List the prime factors of 589053677.
7127, 82651
List the prime factors of 3366858.
2, 3, 11, 139, 367
What are the prime factors of 1419101118?
2, 3, 431, 182921
List the prime factors of 178820083.
13, 1058107
List the prime factors of 4583152546.
2, 7, 23, 14233393
What are the prime factors of 317329329?
3, 105776443
What are the prime factors of 312897027?
3, 227, 459467
List the prime f